emainder when (-3031)/(-10) + d/10 is divided by 16?
15
Calculate the remainder when 2571/4 + (-98)/(-392) is divided by 23.
22
Let w be 4/(-26) - (4620/195)/(-11). Let z = -42 - -64. Calculate the remainder when 21 is divided by z/(-33)*(-27)/w.
3
Let u(z) = -150*z + 764. Calculate the remainder when 3007 is divided by u(5).
11
What is the remainder when 171 is divided by 5664/123 - (-258)/(-5289)?
33
Suppose -1969 = -9*v + 5045 + 933. Calculate the remainder when v is divided by 90.
73
Suppose -2*a + 4000 = -7*a + 5*k, 2*k = -2*a - 1596. Calculate the remainder when a/(-17) + 3 + -1 is divided by 30.
19
Suppose 4*r + 4*k = -k - 181, 5*r - k = -248. Let n = -2636 - -2692. Let t = r + n. What is the remainder when 23 is divided by t?
2
Let p = -223 + 228. Suppose -105 = -p*q - 4*x, 0 = q - x + 5*x - 21. What is the remainder when 123 is divided by q?
18
Let o = 48 - 59. Let i = o + 46. Let l = -476 + 522. Calculate the remainder when l is divided by i.
11
What is the remainder when 1180 is divided by (7 + -3)*3366/44?
262
Suppose 0 = -6*k + 9*k - 120. Suppose 3*l = 495 - 408. Let u = k - l. What is the remainder when 41 is divided by u?
8
Suppose -4*q + 5*m = -14 - 50, -q + 4*m = -16. Calculate the remainder when 318 is divided by q.
14
Suppose 0 = l - 2*l + 12. Calculate the remainder when -207*(4/12 + (-3 - 21/(-9))) is divided by l.
9
Suppose -23 + 125 = 3*o. Let w be ((-96)/18)/(8/(-12)). What is the remainder when 68 + (-7)/(14/w) is divided by o?
30
Suppose -2862 = -73*r + 6701. What is the remainder when r is divided by (-21)/(-4) + 15/20?
5
Let i(l) = 4*l**2 - 99*l + 199. Calculate the remainder when 294 is divided by i(2).
5
Let y(s) = 6*s - 13. Suppose 0 = -3*p + 12 + 27. Let n be y(p). Suppose n + 61 = 9*i. Calculate the remainder when 40 is divided by i.
12
Let i = 4010 - 3122. Calculate the remainder when i is divided by 28.
20
Let o = -17314 + 17333. Suppose -3*t + 8*t - 267 = w, -2*t + 3*w + 112 = 0. Calculate the remainder when t is divided by o.
15
Let b(c) = -c**2 - 5*c. Let h be b(-4). Suppose -82 = -4*p - 5*i, -15 = -h*p - 2*i + 61. Let y = 2693 - 2622. What is the remainder when y is divided by p?
17
Let w(h) = -h**2 + 7*h + 10. Let k be w(10). Let v be (-1)/(2*(-7)/140). What is the remainder when 30 is divided by 24/v*1/((-3)/k)?
14
What is the remainder when -11*(60/(-14) - (-16)/56) is divided by 32?
12
Suppose f = -28 - 72. Let q = f + 128. Suppose 2*s - 2*u - 16 = 0, -u + 38 = 4*s - 2*u. Calculate the remainder when q is divided by s.
8
Let d = -2 + -4. Let q(l) = 12*l + 7 - 5*l - l - 13*l - 3*l. Calculate the remainder when q(d) is divided by 17.
16
Suppose 4*v = 2*w + 72, -w + 49 = 3*v + 5. Calculate the remainder when 166 is divided by ((-1008)/v)/((-6)/4).
40
Suppose 0 = -4*i + 3 + 21. Suppose 0 = f + 3*p - i, 0 = 5*f - 5*p - 67 - 23. What is the remainder when 86 is divided by f?
11
Suppose -5 - 7 = -6*z. Suppose -v - 5*c + 7 = 1, -z*v + 3*c = 14. Calculate the remainder when 65 is divided by ((-27)/12)/(-1)*(-32)/v.
11
Let v be 4 + 71 - 4 - (0 - -3). Suppose -4 - v = -12*s. Suppose -3*w - 2*j = -4 - 47, 2*w - 5*j = 15. Calculate the remainder when w is divided by s.
3
Suppose 2*d = 5*b + 72, -3*d - 4*b = -d - 72. Suppose -k - 3*k = -d. What is the remainder when 79 is divided by k?
7
Suppose -17*g + 16*g = -4*r - 239, 2*g - 490 = 2*r. Let c(x) = 7*x**2 + 4*x - 5. What is the remainder when g is divided by c(2)?
30
What is the remainder when 426 - (21/12)/(38/(-8) + 5) is divided by 93?
47
Let v be 5/(-2)*(-36)/15. Suppose -v*i + 37 = -11. Calculate the remainder when 19 - ((-3 - 1) + 0) is divided by i.
7
Let j = -1037 - -1081. Calculate the remainder when 527 is divided by j.
43
Let m be (75/10 - -4)*(11 + -1). Let a = m + -57. Suppose a = 14*c - 12*c. What is the remainder when 47 is divided by c?
18
Let k = -138 - -290. Let q = k + -145. What is the remainder when 216 is divided by q?
6
Suppose 67*n = 170*n - 84*n - 55309. What is the remainder when n is divided by 56?
55
Suppose 0 = q - 3*c + 9, -c + 3 + 10 = -2*q. Let r(o) = -11812*o + 3940*o + 17 + 3936*o + 3935*o. Calculate the remainder when r(q) is divided by 7.
2
Let l(y) = 12*y + 66. Let v be l(-9). Let k = 68 + v. What is the remainder when 129 is divided by k?
25
Let l = -8030 + 8191. Calculate the remainder when l is divided by 142.
19
Suppose 2*h - 89 = p + h, -89 = p - 3*h. Let n = p + 110. Suppose j + 7 - n = 0. What is the remainder when 51 is divided by j?
9
Suppose 1762*p - 1760*p = 3*j + 371, -5*p + 936 = j. Calculate the remainder when 482 is divided by p.
108
Suppose -30*y - 8 = -26*y, -y + 82 = 3*g. Suppose -416 = -g*w + 20*w. Calculate the remainder when w is divided by 14.
10
Suppose -k - w = -60, 4*k - 11*w + 89 = 284. What is the remainder when 65 is divided by k?
8
Suppose b + 4*o - 19 = 0, 18*o + 12 = 21*o. Suppose -843 = -4*k + b*f, 3*f = 2*k + 258 - 681. What is the remainder when k is divided by 71?
68
Suppose 0 = 2*m + 2*y, 7*y = 4*m + 2*y - 45. Suppose 4*t + 1608 = 1620. Calculate the remainder when m is divided by t.
2
Suppose 222*q - 224*q = -2374. Suppose 4*l = -q + 1207. What is the remainder when 113 is divided by l?
3
Let v(q) = 7*q + 1352. Calculate the remainder when v(-84) is divided by 117.
62
Suppose -4*h + 446 = -3*n, 3*n + 553 = -7*h + 1416. Suppose v + 3*v - 36 = 0. Calculate the remainder when h is divided by v.
2
Let s = 38599 + -38411. Suppose -69 = -4*r + 7. What is the remainder when s is divided by r?
17
Suppose -3*l = 5*l - 1296. Suppose 13*r - 4*r = l. Calculate the remainder when r is divided by (-62)/(-5) - 2/5.
6
Let o = 72 + -33. What is the remainder when (-5*72/35)/(1/(-7)) is divided by o?
33
Suppose 3 = -5*t + 293. Let u(g) be the third derivative of g**6/120 + g**5/3 + 3*g**4/4 - 3*g**3/2 - 8*g**2. What is the remainder when t is divided by u(-19)?
8
Let b(d) = -9*d - 25. Suppose -p + 8 = 2*c, 4*p = 5*c - 10 + 29. Suppose 18 = -2*s - p. Calculate the remainder when b(s) is divided by 7.
6
Let t(r) = 2*r**2 - 22*r + 36. Let q(b) = 16*b - 78. What is the remainder when t(15) is divided by q(6)?
12
What is the remainder when 2466 is divided by 282 + (13 - 16) - 4?
266
Let g(h) = -9*h**3 - 2*h**2 + 7*h + 6. Let d be g(-3). Suppose -13*l + d = 15. Suppose -14*i - 6 = -l*i. What is the remainder when 11 is divided by i?
5
Calculate the remainder when ((-5074)/2)/((9 - 3)*(-18)/324) is divided by 44.
43
Let q = -5850 - -5893. Calculate the remainder when 2016 is divided by q.
38
Suppose 51*t = 48*t + 87. Suppose 40 = -3*s + 160. Suppose 4*y = -0*y + s. What is the remainder when t is divided by y?
9
Suppose -6*n + 2*n = -p + 7, 0 = -2*n. Suppose 0 = p*u - 824 - 51. Calculate the remainder when u is divided by 36.
17
Suppose f + 36 = 2*b - 447, f - 732 = -3*b. Let x = 271 - b. Calculate the remainder when 4/10 + 1376/10 is divided by x.
26
Let s(w) = -1268*w + 270256. Suppose 0 = 2*x + 3*y - 15 - 6, 2*x - y - 33 = 0. Calculate the remainder when s(213) is divided by x.
7
Suppose -22 + 47 = 5*q, 3*q + 221 = 2*r. What is the remainder when r is divided by 114?
4
Let w(l) = l**3 + 12*l**2 + 2*l + 30. Let p be w(-12). Suppose 11*d - p*d - 755 = 0. Calculate the remainder when d is divided by 51.
49
Let l(q) = 62*q + 2591. Calculate the remainder when l(-33) is divided by 110.
105
Let u(m) = 5*m**2 - 2*m + 2. Let f be u(1). What is the remainder when 310 is divided by -1 - 28/(-7 + f)?
11
Suppose -u = -f - 168, 0 = 8*f - 6*f + 2. Suppose 7*o = 263 - 67. Calculate the remainder when u is divided by o.
27
Let l(w) = w**3 - 25*w**2 + 118*w + 8. Suppose -161*o + 12 = -159*o. Calculate the remainder when 221 is divided by l(o).
29
Suppose -2*v + 1108 = 2*v. What is the remainder when v is divided by (-1 - 6/(162/(-1113))) + (-6)/27?
37
Suppose 0*m - 44 = -2*m + 4*d, 5*m = d + 74. Suppose r + 9*g - 450 = 5*g, 3*r - 4*g = 1270. What is the remainder when r is divided by m?
10
Let q = -7 - -27. Let y = 26401 - 26268. What is the remainder when y is divided by q?
13
Let r = 307 - 335. What is the remainder when 16 is divided by r/6*(-111)/74?
2
What is the remainder when 107 is divided by 1345/30 - 6*(-9)/324?
17
Suppose -13326 = -32*c - 3358 + 84432. What is the remainder when c is divided by 72?
70
Calculate th